{"id":153,"date":"2024-07-17T18:48:14","date_gmt":"2024-07-17T18:48:14","guid":{"rendered":"https:\/\/www.lllf.uam.es\/wordpress\/?page_id=153"},"modified":"2025-02-24T12:16:52","modified_gmt":"2025-02-24T12:16:52","slug":"publicaciones-2024","status":"publish","type":"page","link":"https:\/\/www.lllf.uam.es\/wordpress\/publicaciones\/publicaciones-2024\/","title":{"rendered":"Publicaciones 2024"},"content":{"rendered":"\t\t<div data-elementor-type=\"wp-page\" data-elementor-id=\"153\" class=\"elementor elementor-153\">\n\t\t\t\t<div class=\"elementor-element elementor-element-d314f36 e-flex e-con-boxed e-con e-parent\" data-id=\"d314f36\" data-element_type=\"container\">\n\t\t\t\t\t<div class=\"e-con-inner\">\n\t\t\t\t<div class=\"elementor-element elementor-element-18df0a1 elementor-widget elementor-widget-spacer\" data-id=\"18df0a1\" data-element_type=\"widget\" data-widget_type=\"spacer.default\">\n\t\t\t\t<div class=\"elementor-widget-container\">\n\t\t\t\t\t\t\t<div class=\"elementor-spacer\">\n\t\t\t<div class=\"elementor-spacer-inner\"><\/div>\n\t\t<\/div>\n\t\t\t\t\t\t<\/div>\n\t\t\t\t<\/div>\n\t\t\t\t<div class=\"elementor-element elementor-element-d88d932 elementor-widget elementor-widget-heading\" data-id=\"d88d932\" data-element_type=\"widget\" data-widget_type=\"heading.default\">\n\t\t\t\t<div class=\"elementor-widget-container\">\n\t\t\t\t\t<h1 class=\"elementor-heading-title elementor-size-default\">PUBLICACIONES 2024<\/h1>\t\t\t\t<\/div>\n\t\t\t\t<\/div>\n\t\t\t\t\t<\/div>\n\t\t\t\t<\/div>\n\t\t<div class=\"elementor-element elementor-element-8ef80ee e-flex e-con-boxed e-con e-parent\" data-id=\"8ef80ee\" data-element_type=\"container\">\n\t\t\t\t\t<div class=\"e-con-inner\">\n\t\t<div class=\"elementor-element elementor-element-d0f7f18 e-con-full e-flex e-con e-child\" data-id=\"d0f7f18\" data-element_type=\"container\">\n\t\t\t\t<div class=\"elementor-element elementor-element-ea671b8 elementor-widget elementor-widget-text-editor\" data-id=\"ea671b8\" data-element_type=\"widget\" data-widget_type=\"text-editor.default\">\n\t\t\t\t<div class=\"elementor-widget-container\">\n\t\t\t\t\t\t\t\t\t<p><strong><span class=\"negrita\">CARBAJO CORONADO, B., A. MORENO SANDOVAL<\/span><\/strong>\u00a0(2024) &#8220;Financial concepts extraction and lexical simplification in Spanish&#8221;. RAEL: Revista Electr\u00f3nica de Ling\u00fc\u00edstica Aplicada. 22\/1: 164-180.\u00a0<a class=\"estado\" href=\"https:\/\/rael.aesla.org.es\/index.php\/RAEL\/article\/view\/590\" target=\"_blank\" rel=\"noopener\">DOI: 10.58859\/rael.v23i1.590<\/a>.<\/p><p><strong>ROSETI, S.M, Y.A. TORTEROLO-ORTA, A. MORENO-SANDOVAL<\/strong> (2024). <a href=\"https:\/\/www.lllf.uam.es\/wordpress\/wp-content\/uploads\/AESLA-24.pdf\">Advancing the Spatial Humanities: A Spanish Adaptation of a Temporal and Geographical Reference Extractor on <em>Trafalgar<\/em>, by Benito P\u00e9rez Gald\u00f3s<\/a>. En AESLA 2024, Valencia. P\u00f3ster.<\/p><p><strong>MORENO-SANDOVAL, A., CAMPILLOS-LLANOS, L., GARC\u00cdA-SERRANO, A.<\/strong> (2024). Language Resources in Spanish for Automatic Text Simplification across Domains. <a href=\"https:\/\/doi.org\/10.48550\/arXiv.2409.20466\">https:\/\/doi.org\/10.48550\/arXiv.2409.20466 <\/a><a href=\"https:\/\/arxiv.org\/pdf\/2409.20466\" target=\"_blank\" rel=\"noopener\"><img decoding=\"async\" class=\"\" tabindex=\"0\" title=\"acceso directo a PDF\" src=\"https:\/\/www.lllf.uam.es\/img\/pdf-icon.png\" alt=\"acceso directo a PDF\" width=\"43\" height=\"15\" \/><\/a><\/p>\t\t\t\t\t\t\t\t<\/div>\n\t\t\t\t<\/div>\n\t\t\t\t<\/div>\n\t\t<div class=\"elementor-element elementor-element-deaf62d e-con-full e-flex e-con e-child\" data-id=\"deaf62d\" data-element_type=\"container\">\n\t\t\t\t<div class=\"elementor-element elementor-element-b18f59d elementor-widget elementor-widget-text-editor\" data-id=\"b18f59d\" data-element_type=\"widget\" data-widget_type=\"text-editor.default\">\n\t\t\t\t<div class=\"elementor-widget-container\">\n\t\t\t\t\t\t\t\t\t<p><strong>PORTA-ZAMORANO, J., CARBAJO-CORONADO, B., MORENO-SANDOVAL, A.<\/strong> (2024). <a href=\"http:\/\/journal.sepln.org\/sepln\/ojs\/ojs\/index.php\/pln\/article\/view\/6606\">Extraction and Structuring of Financial Terminology<\/a>. <em>Procesamiento del Lenguaje Natural<\/em>, 73, 139-149. DOI 10.26342\/2024-73-10 <a href=\"https:\/\/www.lllf.uam.es\/wordpress\/wp-content\/uploads\/6606-6127-1-PB-Porta-Carbajo-Moreno2024.pdf\" target=\"_blank\" rel=\"noopener\"><img decoding=\"async\" class=\"\" tabindex=\"0\" title=\"acceso directo a PDF\" src=\"https:\/\/www.lllf.uam.es\/img\/pdf-icon.png\" alt=\"acceso directo a PDF\" width=\"43\" height=\"15\" \/><\/a><\/p><p><strong>VARGAS-SIERRA, C., MORENO-SANDOVAL, A.<\/strong> (2024). On Metaphor and Women&#8217;s Health. <em>Cultura, Lenguajes y Representaci\u00f3n<\/em>, 34(15-36).\u00a0<a title=\"https:\/\/doi.org\/10.6035\/clr.8447\" href=\"https:\/\/doi.org\/10.6035\/clr.8447\" target=\"_blank\" rel=\"noreferrer noopener\">https:\/\/doi.org\/10.6035\/clr.8447<\/a><\/p><p><span data-teams=\"true\"><strong>GOZALO-G\u00d3MEZ, M.P, MORENO-SANDOVAL, A.<\/strong> (2024). <\/span>Biting into the Bitter Reality: A Metaphorical Exploration of Food Disorders. <em>Cultura, Lenguaje y Representaci\u00f3n<\/em>, 34. <a title=\"https:\/\/doi.org\/10.6035\/clr.7877\" href=\"https:\/\/doi.org\/10.6035\/clr.7877\" target=\"_blank\" rel=\"noreferrer noopener\">https:\/\/doi.org\/10.6035\/clr.7877<\/a><\/p><p><span data-teams=\"true\">\u00a0<\/span><\/p>\t\t\t\t\t\t\t\t<\/div>\n\t\t\t\t<\/div>\n\t\t\t\t<\/div>\n\t\t\t\t\t<\/div>\n\t\t\t\t<\/div>\n\t\t<div class=\"elementor-element elementor-element-105912b e-flex e-con-boxed e-con e-parent\" data-id=\"105912b\" data-element_type=\"container\">\n\t\t\t\t\t<div class=\"e-con-inner\">\n\t\t\t\t<div class=\"elementor-element elementor-element-1c51455 elementor-widget elementor-widget-spacer\" data-id=\"1c51455\" data-element_type=\"widget\" data-widget_type=\"spacer.default\">\n\t\t\t\t<div class=\"elementor-widget-container\">\n\t\t\t\t\t\t\t<div class=\"elementor-spacer\">\n\t\t\t<div class=\"elementor-spacer-inner\"><\/div>\n\t\t<\/div>\n\t\t\t\t\t\t<\/div>\n\t\t\t\t<\/div>\n\t\t\t\t\t<\/div>\n\t\t\t\t<\/div>\n\t\t\t\t<\/div>\n\t\t","protected":false},"excerpt":{"rendered":"<p>PUBLICACIONES 2024 CARBAJO CORONADO, B., A. MORENO SANDOVAL\u00a0(2024) &#8220;Financial concepts extraction and lexical simplification in Spanish&#8221;. RAEL: Revista Electr\u00f3nica de Ling\u00fc\u00edstica Aplicada. 22\/1: 164-180.\u00a0DOI: 10.58859\/rael.v23i1.590. ROSETI, S.M, Y.A. TORTEROLO-ORTA, A. MORENO-SANDOVAL (2024). Advancing the Spatial Humanities: A Spanish Adaptation of a Temporal and Geographical Reference Extractor on Trafalgar, by Benito P\u00e9rez Gald\u00f3s. En AESLA 2024, &#8230; <a title=\"Publicaciones 2024\" class=\"read-more\" href=\"https:\/\/www.lllf.uam.es\/wordpress\/publicaciones\/publicaciones-2024\/\" aria-label=\"Read more about Publicaciones 2024\">Read more<\/a><\/p>\n","protected":false},"author":2,"featured_media":0,"parent":25,"menu_order":0,"comment_status":"closed","ping_status":"closed","template":"elementor_header_footer","meta":{"footnotes":""},"class_list":["post-153","page","type-page","status-publish"],"_links":{"self":[{"href":"https:\/\/www.lllf.uam.es\/wordpress\/wp-json\/wp\/v2\/pages\/153","targetHints":{"allow":["GET"]}}],"collection":[{"href":"https:\/\/www.lllf.uam.es\/wordpress\/wp-json\/wp\/v2\/pages"}],"about":[{"href":"https:\/\/www.lllf.uam.es\/wordpress\/wp-json\/wp\/v2\/types\/page"}],"author":[{"embeddable":true,"href":"https:\/\/www.lllf.uam.es\/wordpress\/wp-json\/wp\/v2\/users\/2"}],"replies":[{"embeddable":true,"href":"https:\/\/www.lllf.uam.es\/wordpress\/wp-json\/wp\/v2\/comments?post=153"}],"version-history":[{"count":31,"href":"https:\/\/www.lllf.uam.es\/wordpress\/wp-json\/wp\/v2\/pages\/153\/revisions"}],"predecessor-version":[{"id":1085,"href":"https:\/\/www.lllf.uam.es\/wordpress\/wp-json\/wp\/v2\/pages\/153\/revisions\/1085"}],"up":[{"embeddable":true,"href":"https:\/\/www.lllf.uam.es\/wordpress\/wp-json\/wp\/v2\/pages\/25"}],"wp:attachment":[{"href":"https:\/\/www.lllf.uam.es\/wordpress\/wp-json\/wp\/v2\/media?parent=153"}],"curies":[{"name":"wp","href":"https:\/\/api.w.org\/{rel}","templated":true}]}}