{"id":367,"date":"2024-07-18T14:51:44","date_gmt":"2024-07-18T14:51:44","guid":{"rendered":"https:\/\/www.lllf.uam.es\/wordpress\/?page_id=367"},"modified":"2024-09-02T10:31:22","modified_gmt":"2024-09-02T10:31:22","slug":"publicaciones-2016","status":"publish","type":"page","link":"https:\/\/www.lllf.uam.es\/wordpress\/publicaciones-2016\/","title":{"rendered":"Publicaciones 2016"},"content":{"rendered":"\t\t<div data-elementor-type=\"wp-page\" data-elementor-id=\"367\" class=\"elementor elementor-367\">\n\t\t\t\t<div class=\"elementor-element elementor-element-c1d3269 e-flex e-con-boxed e-con e-parent\" data-id=\"c1d3269\" data-element_type=\"container\">\n\t\t\t\t\t<div class=\"e-con-inner\">\n\t\t<div class=\"elementor-element elementor-element-c9f3036 e-con-full e-flex e-con e-child\" data-id=\"c9f3036\" data-element_type=\"container\">\n\t\t\t\t<div class=\"elementor-element elementor-element-5c40f0a elementor-widget elementor-widget-heading\" data-id=\"5c40f0a\" data-element_type=\"widget\" data-widget_type=\"heading.default\">\n\t\t\t\t<div class=\"elementor-widget-container\">\n\t\t\t\t\t<h1 class=\"elementor-heading-title elementor-size-default\">Publicaciones 2016<\/h1>\t\t\t\t<\/div>\n\t\t\t\t<\/div>\n\t\t\t\t<div class=\"elementor-element elementor-element-4a85e3b elementor-widget elementor-widget-image\" data-id=\"4a85e3b\" data-element_type=\"widget\" data-widget_type=\"image.default\">\n\t\t\t\t<div class=\"elementor-widget-container\">\n\t\t\t\t\t\t\t\t\t\t\t\t\t\t\t<img decoding=\"async\" width=\"127\" height=\"9\" src=\"https:\/\/www.lllf.uam.es\/wordpress\/wp-content\/uploads\/linea-3-1.svg\" class=\"attachment-large size-large wp-image-236\" alt=\"\" \/>\t\t\t\t\t\t\t\t\t\t\t\t\t\t\t<\/div>\n\t\t\t\t<\/div>\n\t\t\t\t<\/div>\n\t\t\t\t\t<\/div>\n\t\t\t\t<\/div>\n\t\t<div class=\"elementor-element elementor-element-5861e4f e-flex e-con-boxed e-con e-parent\" data-id=\"5861e4f\" data-element_type=\"container\">\n\t\t\t\t\t<div class=\"e-con-inner\">\n\t\t<div class=\"elementor-element elementor-element-f9d1196 e-con-full e-flex e-con e-child\" data-id=\"f9d1196\" data-element_type=\"container\">\n\t\t\t\t<div class=\"elementor-element elementor-element-d46646e elementor-widget elementor-widget-text-editor\" data-id=\"d46646e\" data-element_type=\"widget\" data-widget_type=\"text-editor.default\">\n\t\t\t\t<div class=\"elementor-widget-container\">\n\t\t\t\t\t\t\t\t\t<div class=\"h1\">\u00a0<\/div><div class=\"texto_publicaciones\"><p class=\"columna-1\"><strong><span class=\"negrita\">BARBERO, A. y A. MORENO<\/span>\u00a0(2016)<\/strong> &#8220;NeuroCervantes o c\u00f3mo generar literatura con redes neuronales profundas&#8221;. Presentado en la\u00a0<span class=\"cursiva\">Semana de la Ciencia<\/span>, 8 de noviembre de 2016, Escuela Polit\u00e9cnica Superior, UAM.<br \/><br \/><strong><span class=\"negrita\">HERRERO-ZORITA, C.<\/span>\u00a0(2016)<\/strong> &#8220;Aproximaci\u00f3n computacional a la modalidad en espa\u00f1ol y japon\u00e9s. Propuesta de clasificaci\u00f3n y primeros resultados&#8221;. Presentada en la\u00a0<span class=\"cursiva\">Jornada del Proyecto del Corpus Ling\u00fc\u00edstico UAM, U. de Tokio y TUFS<\/span>, 12 de mayo de 2016, Universidad de Estudios Extranjeros de Tokio.<br \/><br \/><strong><span class=\"negrita\">HERRERO ZORITA, C., H. UEDA y A. MORENO SANDOVAL<\/span>\u00a0(2016)\u00a0<\/strong><a class=\"estado\" href=\"https:\/\/easychair.org\/publications\/paper\/ZcdJ\" target=\"_blank\" rel=\"noopener\"><span tabindex=\"0\">&#8220;Sentence length and NP complexity of general and medical written academic and media texts. An analysis using a trained syntactic parser&#8221;<\/span><\/a>. En Moreno Ortiz y P\u00e9rez-Hern\u00e1ndez (eds.)\u00a0<span class=\"cursiva\">CILC2016 EPiC Series in Language and Linguistics<\/span>, 1. 181-190. ISSN: 2398-5283.\u00a0<a href=\"https:\/\/easychair.org\/publications\/open\/ZcdJ\" target=\"_blank\" rel=\"noopener\"><img decoding=\"async\" class=\"\" tabindex=\"0\" title=\"acceso directo a PDF\" src=\"https:\/\/www.lllf.uam.es\/img\/pdf-icon.png\" alt=\"acceso directo a PDF\" width=\"49\" height=\"17\" \/><\/a><br \/><br \/><strong><span class=\"negrita\">MORENO-SANDOVAL, A.<\/span>\u00a0(2016)<\/strong> &#8220;Filolog\u00eda digital y el Quijote: algunos ejemplos del an\u00e1lisis ling\u00fc\u00edstico con herramientas inform\u00e1ticas&#8221;. Presentada en la\u00a0<span class=\"cursiva\">Jornada del Proyecto del Corpus Ling\u00fc\u00edstico UAM, U. de Tokio y TUFS<\/span>, 2 de mayo de 2016, Universidad de Estudios Extranjeros de Tokio.<\/p><\/div>\t\t\t\t\t\t\t\t<\/div>\n\t\t\t\t<\/div>\n\t\t\t\t<\/div>\n\t\t<div class=\"elementor-element elementor-element-2676921 e-con-full e-flex e-con e-child\" data-id=\"2676921\" data-element_type=\"container\">\n\t\t\t\t<div class=\"elementor-element elementor-element-e17d702 elementor-widget elementor-widget-text-editor\" data-id=\"e17d702\" data-element_type=\"widget\" data-widget_type=\"text-editor.default\">\n\t\t\t\t<div class=\"elementor-widget-container\">\n\t\t\t\t\t\t\t\t\t<p><strong><span class=\"negrita\">MORENO SANDOVAL, A., L. CAMPILLOS LLANOS, C. HERRERO-ZORITA, J. M. GUIRAO MIRAS, A. GONZ\u00c1LEZ MART\u00cdNEZ, D. SAMY y E. TAKAMORI<\/span>\u00a0(2016)<\/strong>\u00a0<a class=\"estado\" href=\"https:\/\/www.semanticscholar.org\/paper\/An-Online-Tool-for-Enhancing-NLP-of-a-Biomedical-Sandoval-Campillos-Llanos\/65a110cfbb06c48d70f59761decd37f52f00864a\" target=\"_blank\" rel=\"noopener\"><span tabindex=\"0\">&#8220;An online tool for enhancing NLP of a biomedical corpus&#8221;<\/span><\/a>. En F. Alonso, I. Ortega and E. Quintana and M. S\u00e1nchez (eds.)\u00a0<span class=\"cursiva\">Input a Word, Analyse the World. Selected Approaches to Corpus Linguistics<\/span>, Newcastle upon Tyne: Cambridge Scholars. 25-38. ISBN: 978-1-4438-8513-3.\u00a0<a href=\"http:\/\/www.lllf.uam.es\/ESP\/Publicaciones\/CILC_14_An_online_tool_for_enhancing_NLP_of_a_biomedical_corpus.pdf\" target=\"_blank\" rel=\"noopener\"><img decoding=\"async\" class=\"\" tabindex=\"0\" title=\"acceso directo a PDF\" src=\"https:\/\/www.lllf.uam.es\/img\/pdf-icon.png\" alt=\"acceso directo a PDF\" width=\"58\" height=\"20\" \/><\/a><br \/><br \/><strong><span class=\"negrita\">MORENO, A. y REDONDO, T.<\/span>\u00a0(2016)<\/strong> &#8220;Text Analytics: the convergence of Big Data and Artificial Intelligence&#8221;.\u00a0<span class=\"cursiva\">International Journal of Interactive Multimedia and Artificial Intelligence<\/span>, 3 (6). 57-64.\u00a0<a class=\"estado\" href=\"https:\/\/dx.doi.org\/10.9781\/ijimai.2016.369\" target=\"_blank\" rel=\"noopener\"><span tabindex=\"0\">DOI: 10.9781\/ijimai.2016.369<\/span><\/a>.\u00a0<a href=\"https:\/\/www.ijimai.org\/journal\/sites\/default\/files\/files\/2016\/02\/ijimai20163_6_9_pdf_38545.pdf\" target=\"_blank\" rel=\"noopener\"><img loading=\"lazy\" decoding=\"async\" class=\"\" tabindex=\"0\" title=\"acceso directo a PDF\" src=\"https:\/\/www.lllf.uam.es\/img\/pdf-icon.png\" alt=\"acceso directo a PDF\" width=\"43\" height=\"15\" \/><\/a><br \/><br \/><strong><span class=\"negrita\">MORENO SANDOVAL, A. and H. UEDA<\/span>\u00a0(2016)<\/strong> &#8220;Presentaci\u00f3n de programas en web para an\u00e1lisis ling\u00fc\u00edsticos generales: LETRAS-WEB y NUMEROS-WEB&#8221;. Workshop presentado en\u00a0<span class=\"cursiva\">techLING\u201916: First International Conference in Language, Linguistics and Technology<\/span>, Universidad de Minho, Braga, 12 de octubre de 2016.<br \/><br \/><strong><span class=\"negrita\">LIU, Y.<\/span>\u00a0(2016)<\/strong> &#8220;Asimetr\u00eda en la traducci\u00f3n terminol\u00f3gica entre el espa\u00f1ol y el chino: el caso de \u764c\/c\u00e1ncer&#8221;.\u00a0<span class=\"cursiva\">8th Conference on Corpus Linguistics (CILC 2016)<\/span>, 2-4 de marzo de 2016, Universidad de M\u00e1laga.<\/p>\t\t\t\t\t\t\t\t<\/div>\n\t\t\t\t<\/div>\n\t\t\t\t<\/div>\n\t\t\t\t\t<\/div>\n\t\t\t\t<\/div>\n\t\t\t\t<\/div>\n\t\t","protected":false},"excerpt":{"rendered":"<p>Publicaciones 2016 \u00a0 BARBERO, A. y A. MORENO\u00a0(2016) &#8220;NeuroCervantes o c\u00f3mo generar literatura con redes neuronales profundas&#8221;. Presentado en la\u00a0Semana de la Ciencia, 8 de noviembre de 2016, Escuela Polit\u00e9cnica Superior, UAM. HERRERO-ZORITA, C.\u00a0(2016) &#8220;Aproximaci\u00f3n computacional a la modalidad en espa\u00f1ol y japon\u00e9s. Propuesta de clasificaci\u00f3n y primeros resultados&#8221;. Presentada en la\u00a0Jornada del Proyecto del &#8230; <a title=\"Publicaciones 2016\" class=\"read-more\" href=\"https:\/\/www.lllf.uam.es\/wordpress\/publicaciones-2016\/\" aria-label=\"Read more about Publicaciones 2016\">Read more<\/a><\/p>\n","protected":false},"author":2,"featured_media":0,"parent":0,"menu_order":0,"comment_status":"closed","ping_status":"closed","template":"elementor_header_footer","meta":{"footnotes":""},"class_list":["post-367","page","type-page","status-publish"],"_links":{"self":[{"href":"https:\/\/www.lllf.uam.es\/wordpress\/wp-json\/wp\/v2\/pages\/367","targetHints":{"allow":["GET"]}}],"collection":[{"href":"https:\/\/www.lllf.uam.es\/wordpress\/wp-json\/wp\/v2\/pages"}],"about":[{"href":"https:\/\/www.lllf.uam.es\/wordpress\/wp-json\/wp\/v2\/types\/page"}],"author":[{"embeddable":true,"href":"https:\/\/www.lllf.uam.es\/wordpress\/wp-json\/wp\/v2\/users\/2"}],"replies":[{"embeddable":true,"href":"https:\/\/www.lllf.uam.es\/wordpress\/wp-json\/wp\/v2\/comments?post=367"}],"version-history":[{"count":4,"href":"https:\/\/www.lllf.uam.es\/wordpress\/wp-json\/wp\/v2\/pages\/367\/revisions"}],"predecessor-version":[{"id":371,"href":"https:\/\/www.lllf.uam.es\/wordpress\/wp-json\/wp\/v2\/pages\/367\/revisions\/371"}],"wp:attachment":[{"href":"https:\/\/www.lllf.uam.es\/wordpress\/wp-json\/wp\/v2\/media?parent=367"}],"curies":[{"name":"wp","href":"https:\/\/api.w.org\/{rel}","templated":true}]}}